{"id":17,"date":"2017-01-06T14:02:53","date_gmt":"2017-01-06T14:02:53","guid":{"rendered":"http:\/\/www.blaskapelleroebel.de\/?page_id=17"},"modified":"2026-04-19T13:08:19","modified_gmt":"2026-04-19T13:08:19","slug":"impressum","status":"publish","type":"page","link":"https:\/\/www.blaskapelleroebel.de\/?page_id=17","title":{"rendered":"Impressum"},"content":{"rendered":"<p>Blaskapelle R\u00f6bel\/M\u00fcritz 1983 e.V.<\/p>\n<p>Ines Drews<br \/>\nUnkel-Br\u00e4sig-Str. 10<br \/>\n17207 R\u00f6bel\/M\u00fcritz<br \/>\n<strong>Tel: 0049 (0)39931 \/ 14010<\/strong><\/p>\n<p><strong>email: <\/strong><a href=\"mailto:info@blaskapelleroebel.de\"><strong>info@blaskapelleroebel.de<\/strong><\/a><\/p>\n<p>St.Nr:\u00a0075 \/\u00a0141 \/ 01323 K04 \/ 1<\/p>\n<p><strong><br \/>\nHaftungsausschluss<\/strong><\/p>\n<p>1. Inhalt des Onlineangebotes<\/p>\n<p>Der Betreiber dieser Seite,\u00a0Blaskapelle R\u00f6bel 1983 e.V.\u00a0, im folgenden &#8222;Autor&#8220; genannt,<br \/>\n\u00fcbernimmt keinerlei Gew\u00e4hr f\u00fcr die Aktualit\u00e4t, Korrektheit, Vollst\u00e4ndigkeit<br \/>\noder Qualit\u00e4t der bereitgestellten Informationen. Haftungsanspr\u00fcche gegen den<br \/>\nAutor, welche sich auf Sch\u00e4den materieller oder ideeller Art beziehen, die durch<br \/>\ndie Nutzung oder Nichtnutzung der dargebotenen Informationen bzw. durch die Nutzung<br \/>\nfehlerhafter und unvollst\u00e4ndiger Informationen verursacht wurden sind grunds\u00e4tzlich<br \/>\nausgeschlossen, sofern seitens des Autors kein nachweislich vors\u00e4tzliches oder grob fahrl\u00e4ssiges Verschulden vorliegt.<\/p>\n<p>2. Haftung f\u00fcr Links<\/p>\n<p>Mit dem Urteil vom 12. Mai 1998 312, O 85\/98 Haftung f\u00fcr Links, hat das Landgericht<br \/>\n(LG) Hamburg entschieden, dass man durch die Erstellung eines Links, die Inhalte der gelinkten Seite ggf. mit zu verantworten hat. Dies kann , so das Gericht, nur dadurch verhindert werden, dass man sich ausdr\u00fccklich von diesen Inhalten distanziert. Da der Autor die Links einbindet und nur auf das Antwortverhalten (Ping) hin \u00fcberpr\u00fcft, haben wir keinen Einfluss auf die Gestaltung und die Inhalte der gelinkten Seiten auf diesem Server und machen uns die Inhalte der gelinkten Seiten nicht zu eigen. Diese Erkl\u00e4rung gilt f\u00fcr alle verf\u00fcgbaren Links auf diesem Server sowie eventuell vorhandene Linklisten und Foren, die zur Zeit aktiv sind und\/oder aktivwerden.<\/p>\n<p><strong>Rechtshinweise<\/strong><\/p>\n<p>Der Herausgeber dieser Webseiten beh\u00e4lt sich das Recht vor,<br \/>\njederzeit und ohne vorherige Ank\u00fcndigung \u00c4nderungen und Erg\u00e4nzungen an den<br \/>\nbereitgestellten Informationen vorzunehmen. Trotz st\u00e4ndiger Pr\u00fcfung und Aktualisierung<br \/>\nder Inhalte k\u00f6nnen sich Daten in der Zwischenzeit ver\u00e4ndert haben. Darum kann keine<br \/>\nGew\u00e4hr f\u00fcr die Aktualit\u00e4t, Richtigkeit und Vollst\u00e4ndigkeit der zur Verf\u00fcgung gestellten<br \/>\nInformationen \u00fcbernommen werden. Es wird jede Haftung f\u00fcr materielle oder ideelle Sch\u00e4den ausgeschlossen, die sich direkt oder indirekt aus der Benutzung der Website und dem Gebrauch der darin enthaltenen Informationen ergeben, soweit weder Vorsatz noch grobe Fahrl\u00e4ssigkeit nachgewiesen werden kann.<br \/>\nGleiches gilt auch f\u00fcr alle Webseiten, auf die mittels Hyperlink verwiesen wird &#8211;<br \/>\ndiese Verweise sind eine Serviceleistung. Der Herausgeber ist f\u00fcr den Inhalt und der<br \/>\neventuellen Nutzung der Webseiten, die aufgrund einer solchen Verbindung erreicht werden, nicht verantwortlich. Die Verantwortung f\u00fcr den Schutz Ihrer Systeme gegen Virenbefall oder andere f\u00fcr Ihre Systeme sch\u00e4dliche Programme obliegt Ihnen durch Einrichtung entsprechender Schutzprogramme.<\/p>\n<p><strong>Datenschutz<\/strong><\/p>\n<p>Die per Formular oder e-mail abgesendeten Daten sind nicht verschl\u00fcsselt und<br \/>\nm\u00fcssen zur Bearbeitung Ihrer Anfragen und Hinweise gespeichert werden. Die von Ihnen<br \/>\ngeforderten Angaben sind freiwillig und dienen ausschlie\u00dflich der firmeninternen<br \/>\nInformationsverarbeitung. Wir versichern an dieser Stelle, da\u00df Ihre pers\u00f6nlichen Daten<br \/>\nausschlie\u00dflich f\u00fcr den hier angegebenen Zweck verwendet und Dritten nicht zug\u00e4nglich gemacht werden.<\/p>\n<p><strong>Markenschutz<\/strong><\/p>\n<p>Alle auf den Webseiten gezeigten oder genannten Firmen- und Vereinsnamen,<br \/>\nFirmen- und Vereinslogos, Markennamen, Handelsmarken und andere Embleme sind<br \/>\nEigentum der jeweiligen Inhaber und unterliegen als solche dem gesetzlichen Warenzeichen-, Marken- und patentrechtlichen Schutz.<\/p>\n<p><strong>Disclaimer<\/strong><\/p>\n<h3>Urheber- und Leistungsschutzrechte<\/h3>\n<p>Die auf dieser Website ver\u00f6ffentlichten Inhalte unterliegen dem deutschen Urheber- und Leistungsschutzrecht. Jede vom deutschen Urheber- und Leistungsschutzrecht nicht zugelassene Verwertung bedarf der vorherigen schriftlichen Zustimmung des Anbieters oder jeweiligen Rechteinhabers. Dies gilt insbesondere f\u00fcr Vervielf\u00e4ltigung, Bearbeitung, \u00dcbersetzung, Einspeicherung, Verarbeitung bzw. Wiedergabe von Inhalten in Datenbanken oder anderen elektronischen Medien und Systemen. Inhalte und Rechte Dritter sind dabei als solche gekennzeichnet. Die unerlaubte Vervielf\u00e4ltigung oder Weitergabe einzelner Inhalte oder kompletter Seiten ist nicht gestattet und strafbar. Lediglich die Herstellung von Kopien und Downloads f\u00fcr den pers\u00f6nlichen, privaten und nicht kommerziellen Gebrauch ist erlaubt.<\/p>\n<p>Erstellung, Pflege und Urheberrechte der Hompage ist durch Claudia Simon, Clara-Zetkin-Stra\u00dfe 13, 17207 R\u00f6bel\/ M\u00fcritz gesichert.<\/p>\n","protected":false},"excerpt":{"rendered":"<p>Blaskapelle R\u00f6bel\/M\u00fcritz 1983 e.V. Ines Drews Unkel-Br\u00e4sig-Str. 10 17207 R\u00f6bel\/M\u00fcritz Tel: 0049 (0)39931 \/ 14010 email: info@blaskapelleroebel.de St.Nr:\u00a0075 \/\u00a0141 \/ 01323 K04 \/ 1 Haftungsausschluss 1. Inhalt des Onlineangebotes Der Betreiber dieser Seite,\u00a0Blaskapelle R\u00f6bel 1983 e.V.\u00a0, im folgenden &#8222;Autor&#8220; genannt, \u00fcbernimmt keinerlei Gew\u00e4hr f\u00fcr die Aktualit\u00e4t, Korrektheit, Vollst\u00e4ndigkeit oder Qualit\u00e4t der bereitgestellten Informationen. Haftungsanspr\u00fcche gegen [&hellip;]<\/p>\n","protected":false},"author":2,"featured_media":0,"parent":273,"menu_order":1,"comment_status":"closed","ping_status":"closed","template":"","meta":{"saved_in_kubio":false,"om_disable_all_campaigns":false,"_monsterinsights_skip_tracking":false,"_monsterinsights_sitenote_active":false,"_monsterinsights_sitenote_note":"","_monsterinsights_sitenote_category":0,"footnotes":""},"class_list":["post-17","page","type-page","status-publish","hentry"],"aioseo_notices":[],"kubio_ai_page_context":{"short_desc":"","purpose":"general"},"_links":{"self":[{"href":"https:\/\/www.blaskapelleroebel.de\/index.php?rest_route=\/wp\/v2\/pages\/17","targetHints":{"allow":["GET"]}}],"collection":[{"href":"https:\/\/www.blaskapelleroebel.de\/index.php?rest_route=\/wp\/v2\/pages"}],"about":[{"href":"https:\/\/www.blaskapelleroebel.de\/index.php?rest_route=\/wp\/v2\/types\/page"}],"author":[{"embeddable":true,"href":"https:\/\/www.blaskapelleroebel.de\/index.php?rest_route=\/wp\/v2\/users\/2"}],"replies":[{"embeddable":true,"href":"https:\/\/www.blaskapelleroebel.de\/index.php?rest_route=%2Fwp%2Fv2%2Fcomments&post=17"}],"version-history":[{"count":6,"href":"https:\/\/www.blaskapelleroebel.de\/index.php?rest_route=\/wp\/v2\/pages\/17\/revisions"}],"predecessor-version":[{"id":1222,"href":"https:\/\/www.blaskapelleroebel.de\/index.php?rest_route=\/wp\/v2\/pages\/17\/revisions\/1222"}],"up":[{"embeddable":true,"href":"https:\/\/www.blaskapelleroebel.de\/index.php?rest_route=\/wp\/v2\/pages\/273"}],"wp:attachment":[{"href":"https:\/\/www.blaskapelleroebel.de\/index.php?rest_route=%2Fwp%2Fv2%2Fmedia&parent=17"}],"curies":[{"name":"wp","href":"https:\/\/api.w.org\/{rel}","templated":true}]}}